{"id":1168,"date":"2021-07-07T22:57:39","date_gmt":"2021-07-07T22:57:39","guid":{"rendered":"https:\/\/ceut.edu.mx\/home\/?page_id=1168"},"modified":"2025-12-31T17:24:12","modified_gmt":"2025-12-31T17:24:12","slug":"preparatoria-2","status":"publish","type":"page","link":"https:\/\/ceut.edu.mx\/home\/preparatoria-2\/","title":{"rendered":"Preparatoria"},"content":{"rendered":"\t\t<div data-elementor-type=\"wp-page\" data-elementor-id=\"1168\" class=\"elementor elementor-1168\">\n\t\t\t\t\t\t<section class=\"elementor-section elementor-top-section elementor-element elementor-element-1db064c elementor-section-full_width elementor-section-height-default elementor-section-height-default\" data-id=\"1db064c\" data-element_type=\"section\">\n\t\t\t\t\t\t<div class=\"elementor-container elementor-column-gap-no\">\n\t\t\t\t\t<div class=\"elementor-column elementor-col-100 elementor-top-column elementor-element elementor-element-d96196c\" data-id=\"d96196c\" data-element_type=\"column\">\n\t\t\t<div class=\"elementor-widget-wrap elementor-element-populated\">\n\t\t\t\t\t\t<div class=\"elementor-element elementor-element-972722a elementor-widget elementor-widget-shortcode\" data-id=\"972722a\" data-element_type=\"widget\" data-widget_type=\"shortcode.default\">\n\t\t\t\t<div class=\"elementor-widget-container\">\n\t\t\t\t\t\t\t<div class=\"elementor-shortcode\"><\/div>\n\t\t\t\t\t\t<\/div>\n\t\t\t\t<\/div>\n\t\t\t\t\t<\/div>\n\t\t<\/div>\n\t\t\t\t\t<\/div>\n\t\t<\/section>\n\t\t\t\t<section class=\"elementor-section elementor-top-section elementor-element elementor-element-ff89cf7 elementor-section-boxed elementor-section-height-default elementor-section-height-default\" data-id=\"ff89cf7\" data-element_type=\"section\">\n\t\t\t\t\t\t<div class=\"elementor-container elementor-column-gap-default\">\n\t\t\t\t\t<div class=\"elementor-column elementor-col-100 elementor-top-column elementor-element elementor-element-c9577b0\" data-id=\"c9577b0\" data-element_type=\"column\">\n\t\t\t<div class=\"elementor-widget-wrap elementor-element-populated\">\n\t\t\t\t\t\t<div class=\"elementor-element elementor-element-65ba392 elementor-widget elementor-widget-html\" data-id=\"65ba392\" data-element_type=\"widget\" data-widget_type=\"html.default\">\n\t\t\t\t<div class=\"elementor-widget-container\">\n\t\t\t\t\t<link rel=\"stylesheet\" href=\"https:\/\/cdnjs.cloudflare.com\/ajax\/libs\/font-awesome\/6.5.2\/css\/all.min.css\">\r\n<h2 class=\"tramites-header\">\r\n  <i class=\"fas fa-file-invoice\"><\/i> Tr\u00e1mites\r\n<\/h2>\r\n\r\n<style>\r\n.tramites-header {\r\n  font-family: 'Montserrat', sans-serif;\r\n  font-size: 3.5rem;\r\n  color: #FFD230;\r\n  margin: 4rem auto 3rem auto;\r\n  padding-left: 1rem;\r\n  border-left: 5px solid #FFD230;\r\n  display: inline-block;\r\n  position: relative;\r\n  text-shadow: 2px 2px 8px rgba(0, 0, 0, 0.5);\r\n  font-weight: 700;\r\n  max-width: 90%;\r\n  line-height: 1.2;\r\n}\r\n\r\n.tramites-header i {\r\n  margin-right: 15px;\r\n  font-size: 3.2rem;\r\n  vertical-align: middle;\r\n}\r\n\r\n.tramites-header::after {\r\n  content: '';\r\n  position: absolute;\r\n  bottom: -10px;\r\n  left: 0;\r\n  width: 100%;\r\n  height: 3px;\r\n  background: linear-gradient(90deg, #FFD230, transparent);\r\n  border-radius: 2px;\r\n}\r\n\r\n@keyframes fadeInUp {\r\n  from { opacity: 0; transform: translateY(30px); }\r\n  to   { opacity: 1; transform: translateY(0); }\r\n}\r\n\r\n.tramites-header {\r\n  opacity: 0;\r\n  animation: fadeInUp 0.8s ease forwards;\r\n}\r\n\r\n@media (max-width: 768px) {\r\n  .tramites-header {\r\n    font-size: 2.8rem;\r\n    margin: 3rem auto 2.5rem auto;\r\n  }\r\n  .tramites-header i {\r\n    font-size: 2.6rem;\r\n  }\r\n}\r\n\r\n@media (max-width: 480px) {\r\n  .tramites-header {\r\n    font-size: 2.3rem;\r\n    padding-left: 0.8rem;\r\n  }\r\n  .tramites-header i {\r\n    font-size: 2.2rem;\r\n  }\r\n}\r\n<\/style>\t\t\t\t<\/div>\n\t\t\t\t<\/div>\n\t\t\t\t\t<\/div>\n\t\t<\/div>\n\t\t\t\t\t<\/div>\n\t\t<\/section>\n\t\t\t\t<section class=\"elementor-section elementor-top-section elementor-element elementor-element-61b8eca elementor-section-boxed elementor-section-height-default elementor-section-height-default\" data-id=\"61b8eca\" data-element_type=\"section\">\n\t\t\t\t\t\t<div class=\"elementor-container elementor-column-gap-default\">\n\t\t\t\t\t<div class=\"elementor-column elementor-col-100 elementor-top-column elementor-element elementor-element-6724280\" data-id=\"6724280\" data-element_type=\"column\">\n\t\t\t<div class=\"elementor-widget-wrap elementor-element-populated\">\n\t\t\t\t\t\t<div class=\"elementor-element elementor-element-5d75f00 elementor-widget elementor-widget-html\" data-id=\"5d75f00\" data-element_type=\"widget\" data-widget_type=\"html.default\">\n\t\t\t\t<div class=\"elementor-widget-container\">\n\t\t\t\t\t<link rel=\"stylesheet\" href=\"https:\/\/cdnjs.cloudflare.com\/ajax\/libs\/font-awesome\/6.5.2\/css\/all.min.css\">\r\n\r\n<div class=\"content-area\">\r\n  <div class=\"sidebar\">\r\n    <ul id=\"tramite-menu\">\r\n      <li><a href=\"#\" data-tramite=\"constancia-calificaciones\" class=\"active\"><i class=\"fas fa-list-ol\"><\/i> Constancia con Calificaciones<\/a><\/li>\r\n      <li><a href=\"#\" data-tramite=\"constancia-sencilla\"><i class=\"fas fa-file-invoice\"><\/i> Constancia Sencilla<\/a><\/li>\r\n      <li><a href=\"#\" data-tramite=\"constancia-terminacion\"><i class=\"fas fa-user-graduate\"><\/i> Constancia de Terminaci\u00f3n<\/a><\/li>\r\n      <li><a href=\"#\" data-tramite=\"certificado-parcial\"><i class=\"fas fa-book-open\"><\/i> Certificado Parcial<\/a><\/li>\r\n      <li><a href=\"#\" data-tramite=\"duplicado-certificado\"><i class=\"fas fa-copy\"><\/i> Duplicado de Certificado<\/a><\/li>\r\n      <li><a href=\"#\" data-tramite=\"duplicado-parcial-no-escolarizado\"><i class=\"fas fa-copy\"><\/i> Duplicado o Parcial No Escolarizado<\/a><\/li>\r\n      <li><a href=\"#\" data-tramite=\"duplicado-general\"><i class=\"fas fa-copy\"><\/i> Certificado del (Tutor)<\/a><\/li>\r\n    <\/ul>\r\n  <\/div>\r\n\r\n  <div class=\"main-content\">\r\n    <div class=\"tramite-content active\" id=\"constancia-calificaciones\">\r\n      <h2><i class=\"fas fa-list-ol\"><\/i> Constancia con Calificaciones<\/h2>\r\n      <ul class=\"requisitos\">\r\n        <li><i class=\"fas fa-camera\"><\/i><div class=\"texto\">Indicar si la requiere con <strong>fotograf\u00eda<\/strong> (verificar si su expediente tiene fotograf\u00edas), de no ser as\u00ed traer una fotograf\u00eda tama\u00f1o infantil B\/N, no instant\u00e1neas, cabello recogido y sin aretes, blusa blanca (mujeres), cabello corto, camisa blanca (hombres)<\/div><\/li>\r\n        <li><i class=\"fas fa-chart-bar\"><\/i><div class=\"texto\">Especificar si la requiere con <strong>promedio<\/strong><\/div><\/li>\r\n        <li><i class=\"fas fa-ban\"><\/i><div class=\"texto\">Comprobante de <strong>NO ADEUDO<\/strong><\/div><\/li>\r\n        <li><i class=\"fas fa-dollar-sign\"><\/i><div class=\"texto\">Comprobante de <strong>pago del servicio<\/strong><\/div><\/li>\r\n      <\/ul>\r\n    <\/div>\r\n\r\n    <div class=\"tramite-content\" id=\"constancia-sencilla\">\r\n      <h2><i class=\"fas fa-file-invoice\"><\/i> Constancia Sencilla<\/h2>\r\n      <ul class=\"requisitos\">\r\n        <li><i class=\"fas fa-camera\"><\/i><div class=\"texto\">Indicar si la requiere con <strong>fotograf\u00eda<\/strong> (verificar si su expediente tiene fotograf\u00edas), de no ser as\u00ed solicitarle una fotograf\u00eda tama\u00f1o infantil B\/N, no instant\u00e1neas, cabello recogido y sin aretes, blusa blanca (mujeres), cabello corto, camisa blanca (hombres)<\/div><\/li>\r\n        <li><i class=\"fas fa-pen-nib\"><\/i><div class=\"texto\">Se\u00f1alar si requiere alg\u00fan <strong>dato en espec\u00edfico<\/strong><\/div><\/li>\r\n        <li><i class=\"fas fa-ban\"><\/i><div class=\"texto\">Comprobante de <strong>NO ADEUDO<\/strong><\/div><\/li>\r\n        <li><i class=\"fas fa-dollar-sign\"><\/i><div class=\"texto\">Comprobante de <strong>pago del servicio<\/strong><\/div><\/li>\r\n      <\/ul>\r\n    <\/div>\r\n\r\n    <div class=\"tramite-content\" id=\"constancia-terminacion\">\r\n      <h2><i class=\"fas fa-user-graduate\"><\/i> Constancia de Terminaci\u00f3n<\/h2>\r\n      <ul class=\"requisitos\">\r\n        <li><i class=\"fas fa-camera\"><\/i><div class=\"texto\">Indicar si la requiere con <strong>fotograf\u00eda<\/strong> (verificar si su expediente tiene fotograf\u00edas), de no ser as\u00ed solicitarle una fotograf\u00eda tama\u00f1o infantil B\/N, no instant\u00e1neas, cabello recogido y sin aretes, blusa blanca (mujeres), cabello corto, camisa blanca (hombres)<\/div><\/li>\r\n        <li><i class=\"fas fa-chart-bar\"><\/i><div class=\"texto\">Especificar si la requiere con <strong>promedio<\/strong>, no adeudo de materias<\/div><\/li>\r\n        <li><i class=\"fas fa-ban\"><\/i><div class=\"texto\">Comprobante de <strong>NO ADEUDO<\/strong><\/div><\/li>\r\n        <li><i class=\"fas fa-dollar-sign\"><\/i><div class=\"texto\">Comprobante de <strong>pago del servicio<\/strong><\/div><\/li>\r\n      <\/ul>\r\n    <\/div>\r\n\r\n    <div class=\"tramite-content\" id=\"certificado-parcial\">\r\n      <h2><i class=\"fas fa-book-open\"><\/i> Certificado Parcial<\/h2>\r\n      <ul class=\"requisitos\">\r\n        <li><i class=\"fas fa-baby\"><\/i><div class=\"texto\">Original de <strong>Acta de nacimiento<\/strong><\/div><\/li>\r\n        <li><i class=\"fas fa-scroll\"><\/i><div class=\"texto\">Original de <strong>Certificado de secundaria<\/strong><\/div><\/li>\r\n        <li><i class=\"fas fa-id-card\"><\/i><div class=\"texto\">Copia de <strong>CURP<\/strong><\/div><\/li>\r\n        <li><i class=\"fas fa-camera\"><\/i><div class=\"texto\">Cuatro fotograf\u00edas tama\u00f1o infantil B\/N, no instant\u00e1neas, sin lentes, cabello recogido y sin aretes, blusa blanca (mujeres), cabello corto, camisa blanca (hombres), adheribles<\/div><\/li>\r\n        <li><i class=\"fas fa-ban\"><\/i><div class=\"texto\">Comprobante de <strong>NO ADEUDO<\/strong> y pago del servicio<\/div><\/li>\r\n        <li><i class=\"fas fa-info-circle\"><\/i><div class=\"texto\">En caso de que se requiera: Certificados parcial y\/o equivalencia (si estudiaron en dos o m\u00e1s bachilleratos). Legalizaci\u00f3n de certificados.<\/div><\/li>\r\n      <\/ul>\r\n    <\/div>\r\n    \r\n    <div class=\"tramite-content\" id=\"duplicado-certificado\">\r\n      <h2><i class=\"fas fa-copy\"><\/i> Duplicado de Certificado<\/h2>\r\n      <ul class=\"requisitos\">\r\n        <li><i class=\"fas fa-baby\"><\/i><div class=\"texto\">Original <strong>Acta de nacimiento<\/strong><\/div><\/li>\r\n        <li><i class=\"fas fa-scroll\"><\/i><div class=\"texto\">Original <strong>Certificado de secundaria<\/strong><\/div><\/li>\r\n        <li><i class=\"fas fa-id-card\"><\/i><div class=\"texto\">Copia de <strong>CURP<\/strong><\/div><\/li>\r\n        <li><i class=\"fas fa-camera\"><\/i><div class=\"texto\">Cuatro fotograf\u00edas tama\u00f1o infantil B\/N, no instant\u00e1neas, sin lentes, cabello recogido y sin aretes, blusa blanca (mujeres), cabello corto, camisa blanca (hombres)<\/div><\/li>\r\n        <li><i class=\"fas fa-copy\"><\/i><div class=\"texto\">Copia del <strong>certificado a duplicar<\/strong><\/div><\/li>\r\n        <li><i class=\"fas fa-ban\"><\/i><div class=\"texto\">Comprobante de <strong>NO ADEUDO<\/strong> y de pago del servicio<\/div><\/li>\r\n      <\/ul>\r\n    <\/div>\r\n\r\n    <div class=\"tramite-content\" id=\"duplicado-parcial-no-escolarizado\">\r\n      <h2><i class=\"fas fa-copy\"><\/i> Duplicado o Parcial de Certificado No Escolarizado<\/h2>\r\n      <ul class=\"requisitos\">\r\n        <li><i class=\"fas fa-baby\"><\/i><div class=\"texto\">Original de <strong>Acta de nacimiento<\/strong><\/div><\/li>\r\n        <li><i class=\"fas fa-scroll\"><\/i><div class=\"texto\">Original <strong>Certificado de secundaria<\/strong><\/div><\/li>\r\n        <li><i class=\"fas fa-id-card\"><\/i><div class=\"texto\">Copia de <strong>CURP<\/strong><\/div><\/li>\r\n        <li><i class=\"fas fa-camera\"><\/i><div class=\"texto\">Cuatro fotograf\u00edas tama\u00f1o infantil B\/N, no instant\u00e1neas, sin lentes, cabello recogido y sin aretes, blusa blanca (mujeres), cabello corto, camisa blanca (hombres)<\/div><\/li>\r\n        <li><i class=\"fas fa-copy\"><\/i><div class=\"texto\">Copia del <strong>certificado a duplicar<\/strong><\/div><\/li>\r\n        <li><i class=\"fas fa-ban\"><\/i><div class=\"texto\">Comprobante de <strong>NO ADEUDO<\/strong> y de pago del servicio<\/div><\/li>\r\n      <\/ul>\r\n    <\/div>\r\n\r\n    <div class=\"tramite-content\" id=\"duplicado-general\">\r\n      <h2><i class=\"fas fa-copy\"><\/i> Duplicado de Certificado<\/h2>\r\n      <ul class=\"requisitos\">\r\n        <li><i class=\"fas fa-user-shield\"><\/i><div class=\"texto\">El tr\u00e1mite lo efect\u00faa el <strong>TUTOR<\/strong>, mediante identificaci\u00f3n oficial vigente con fotograf\u00eda (original y copia).<\/div><\/li>\r\n        <li><i class=\"fas fa-user-friends\"><\/i><div class=\"texto\">Si el TUTOR no puede efectuar el tr\u00e1mite, puede realizarlo la persona que designe, mediante:\r\n          <ul style=\"margin:20px 0 0 40px; line-height:1.9;\">\r\n            <li><i class=\"fas fa-file-signature\"><\/i> <strong>CARTA PODER ORIGINAL<\/strong> firmada por el TUTOR<\/li>\r\n            <li><i class=\"fas fa-id-card\"><\/i> Identificaci\u00f3n oficial vigente con fotograf\u00eda (original y copia) del apoderado<\/li>\r\n            <li><i class=\"fas fa-copy\"><\/i> Copia de la identificaci\u00f3n oficial vigente con fotograf\u00eda del TUTOR<\/li>\r\n          <\/ul>\r\n        <\/div><\/li>\r\n        <li><i class=\"fas fa-ban\"><\/i><div class=\"texto\">Comprobante de <strong>NO ADEUDO<\/strong><\/div><\/li>\r\n        <div class=\"nota\"><i class=\"fas fa-info-circle\"><\/i> <strong>NOTA:<\/strong> Las copias se quedan en resguardo de la Instituci\u00f3n.<\/div>\r\n      <\/ul>\r\n    <\/div>\r\n\r\n  <\/div>\r\n<\/div>\r\n\r\n<style>\r\n.content-area {\r\n  display: flex;\r\n  background: #FFFFFF;\r\n  border: 3px solid;\r\n  border-image: linear-gradient(45deg, #FFD230, #FFF9C4) 1;\r\n  border-radius: 25px;\r\n  box-shadow: 0 15px 40px rgba(0,0,0,0.2);\r\n  overflow: hidden;\r\n  margin: 3rem auto;\r\n  max-width: 1250px;\r\n  font-family: 'Poppins', sans-serif;\r\n}\r\n\r\n.sidebar {\r\n  flex: 0 0 350px;\r\n  background: #FFFFFF;\r\n  padding: 2rem 0;\r\n  border-right: 1px solid rgba(255,235,59,0.3);\r\n}\r\n\r\n.sidebar ul li a {\r\n  display: flex;\r\n  align-items: center;\r\n  padding: 1rem 1.5rem;\r\n  color: #333;\r\n  text-decoration: none;\r\n  font-size: 1.1rem;\r\n  transition: all 0.3s;\r\n  border-left: 4px solid transparent;\r\n  margin: 0.5rem 0;\r\n  border-radius: 12px;\r\n}\r\n\r\n.sidebar ul li a:hover,\r\n.sidebar ul li a.active {\r\n  background: rgba(255,235,59,0.25);\r\n  color: #FFD230;\r\n  border-left: 4px solid #FFD230;\r\n  font-weight: bold;\r\n  transform: translateX(8px);\r\n}\r\n\r\n.sidebar ul li a i {\r\n  margin-right: 10px;\r\n  color: #FFD230;\r\n  font-size: 1.2rem;\r\n}\r\n\r\n.main-content {\r\n  flex-grow: 1;\r\n  padding: 3.5rem 4rem;\r\n  background: #FFFFFF;\r\n  border-radius: 0 25px 25px 0;\r\n}\r\n\r\n.main-content h2 {\r\n  font-family: 'Montserrat', sans-serif;\r\n  font-size: 2.3rem;\r\n  color: #FFD230;\r\n  text-align: center;\r\n  margin-bottom: 3rem;\r\n}\r\n\r\n.requisitos {\r\n  list-style: none;\r\n  padding: 0;\r\n  margin: 0;\r\n}\r\n\r\n.requisitos li {\r\n  display: flex;\r\n  align-items: flex-start;\r\n  gap: 18px;\r\n  margin: 2.2rem 0;\r\n  padding: 2rem 2.5rem;\r\n  background: #fff;\r\n  border-radius: 18px;\r\n  border-left: 6px solid #FFD230;\r\n  box-shadow: 0 6px 20px rgba(255,210,48,0.15);\r\n  transition: all 0.4s;\r\n}\r\n\r\n.requisitos li:hover {\r\n  background: #fffbe6;\r\n  transform: translateX(12px);\r\n  box-shadow: 0 12px 35px rgba(255,210,48,0.25);\r\n}\r\n\r\n.requisitos i {\r\n  color: #f57f17;\r\n  font-size: 1.9rem;\r\n  margin-top: 6px;\r\n  flex-shrink: 0;\r\n}\r\n\r\n.requisitos .texto {\r\n  flex: 1;\r\n  font-size: 1.22rem;\r\n  line-height: 2;          \r\n  color: #333;\r\n  word-wrap: break-word;\r\n}\r\n\r\n.tramite-content {\r\n  display: none;\r\n}\r\n\r\n.tramite-content.active {\r\n  display: block;\r\n  animation: fadeIn 0.7s ease;\r\n}\r\n\r\n@keyframes fadeIn {\r\n  from { opacity: 0; transform: translateY(20px); }\r\n  to { opacity: 1; transform: translateY(0); }\r\n}\r\n\r\n.nota {\r\n  background: #fff3cd;\r\n  padding: 2rem 2.5rem;\r\n  border-radius: 18px;\r\n  border-left: 6px solid #FFD230;\r\n  margin-top: 3rem;\r\n  font-style: italic;\r\n  font-size: 1.2rem;\r\n  line-height: 1.9;\r\n  box-shadow: 0 6px 20px rgba(255,210,48,0.15);\r\n}\r\n\r\n@media (max-width: 768px) {\r\n  .content-area { flex-direction: column; }\r\n  .sidebar { border-right: none; border-bottom: 1px solid rgba(255,235,59,0.3); }\r\n}\r\n<\/style>\r\n\r\n<script>\r\ndocument.addEventListener('DOMContentLoaded', function() {\r\n  const links = document.querySelectorAll('#tramite-menu a');\r\n  const secciones = document.querySelectorAll('.tramite-content');\r\n\r\n  links.forEach(link => {\r\n    link.addEventListener('click', function(e) {\r\n      e.preventDefault();\r\n      links.forEach(l => l.classList.remove('active'));\r\n      secciones.forEach(s => s.classList.remove('active'));\r\n      this.classList.add('active');\r\n      document.getElementById(this.getAttribute('data-tramite')).classList.add('active');\r\n    });\r\n  });\r\n});\r\n<\/script>\t\t\t\t<\/div>\n\t\t\t\t<\/div>\n\t\t\t\t\t<\/div>\n\t\t<\/div>\n\t\t\t\t\t<\/div>\n\t\t<\/section>\n\t\t\t\t<\/div>\n\t\t","protected":false},"excerpt":{"rendered":"<p>Tr\u00e1mites Constancia con Calificaciones Constancia Sencilla Constancia de Terminaci\u00f3n Certificado Parcial Duplicado de Certificado Duplicado o Parcial No Escolarizado Certificado del (Tutor) Constancia con Calificaciones Indicar si la requiere con fotograf\u00eda (verificar si su expediente tiene fotograf\u00edas), de no ser as\u00ed traer una fotograf\u00eda tama\u00f1o infantil B\/N, no instant\u00e1neas, cabello recogido y sin aretes, blusa&hellip;&nbsp;<a href=\"https:\/\/ceut.edu.mx\/home\/preparatoria-2\/\" class=\"\" rel=\"bookmark\">Leer m\u00e1s &raquo;<span class=\"screen-reader-text\">Preparatoria<\/span><\/a><\/p>\n","protected":false},"author":1,"featured_media":0,"parent":0,"menu_order":0,"comment_status":"closed","ping_status":"closed","template":"page-templates\/template-pagebuilder-full-width.php","meta":{"_monsterinsights_skip_tracking":false,"_monsterinsights_sitenote_active":false,"_monsterinsights_sitenote_note":"","_monsterinsights_sitenote_category":0,"neve_meta_sidebar":"full-width","neve_meta_container":"","neve_meta_enable_content_width":"on","neve_meta_content_width":100,"neve_meta_title_alignment":"","neve_meta_author_avatar":"","neve_post_elements_order":"","neve_meta_disable_header":"","neve_meta_disable_footer":"","neve_meta_disable_title":"","footnotes":""},"class_list":["post-1168","page","type-page","status-publish","hentry"],"_links":{"self":[{"href":"https:\/\/ceut.edu.mx\/home\/wp-json\/wp\/v2\/pages\/1168","targetHints":{"allow":["GET"]}}],"collection":[{"href":"https:\/\/ceut.edu.mx\/home\/wp-json\/wp\/v2\/pages"}],"about":[{"href":"https:\/\/ceut.edu.mx\/home\/wp-json\/wp\/v2\/types\/page"}],"author":[{"embeddable":true,"href":"https:\/\/ceut.edu.mx\/home\/wp-json\/wp\/v2\/users\/1"}],"replies":[{"embeddable":true,"href":"https:\/\/ceut.edu.mx\/home\/wp-json\/wp\/v2\/comments?post=1168"}],"version-history":[{"count":106,"href":"https:\/\/ceut.edu.mx\/home\/wp-json\/wp\/v2\/pages\/1168\/revisions"}],"predecessor-version":[{"id":6052,"href":"https:\/\/ceut.edu.mx\/home\/wp-json\/wp\/v2\/pages\/1168\/revisions\/6052"}],"wp:attachment":[{"href":"https:\/\/ceut.edu.mx\/home\/wp-json\/wp\/v2\/media?parent=1168"}],"curies":[{"name":"wp","href":"https:\/\/api.w.org\/{rel}","templated":true}]}}